{"id":49,"date":"2015-06-08T19:48:45","date_gmt":"2015-06-08T17:48:45","guid":{"rendered":"http:\/\/www.progettoinclusivo.it\/progetto\/?page_id=49"},"modified":"2024-09-14T17:39:31","modified_gmt":"2024-09-14T15:39:31","slug":"progettoinclusivo-it","status":"publish","type":"page","link":"https:\/\/www.progettoinclusivo.it\/progetto\/","title":{"rendered":"HomePage"},"content":{"rendered":"<p><strong><em>\u201cE\u2019 questo che si richiede all\u2019uomo, che giovi agli altri uomini; se \u00e8 possibile, a molti, se no, a pochi, se neanche questo pu\u00f2 avvenire, giovi a chi gli \u00e8 pi\u00f9 vicino, se non \u00e8 possibile, a se stesso. Perch\u00e9, quando si rende utile agli altri, svolge un servizio pubblico\u201d <\/em><\/strong>(Seneca)<\/p>\n<p>Progettoinclusivo.it nasce da un&#8217;idea dell&#8217;architetto Daniela Orlandi con l\u2019intento di offrire soluzioni e consigli prendendo spunto dalla Progettazione Universale per agevolare le persone nell\u2019appropriazione dei loro spazi fisici e temporali.<br \/>\nOgni persona \u00e8 un progetto di vita in evoluzione ed ha il dovere di ricercare le condizioni di uno sviluppo attento ai propri bisogni, a quelli degli altri e dell\u2019ambiente.<br \/>\nL&#8217;accessibilit\u00e0 degli spazi e servizi \u00e8 un prerequisito per condurre una vita di relazione e accedere al pieno godimento dei diritti civili e alla possibilit\u00e0 di espressione della personalit\u00e0, affermando il primato della dignit\u00e0 della vita umana e della responsabilit\u00e0 sociale, nel rispetto per le differenze e per l\u2019integrit\u00e0 intellettuale di culture diverse.<br \/>\nProgettoinclusivo.it intende facilitare il percorso esistenziale della persona nella consapevolezza che ciascuno pu\u00f2 contribuire a migliorare la societ\u00e0, avendo a disposizione le condizioni ambientali, tecnologiche e sociali pi\u00f9 adatte.<\/p>\n<p><strong>Come<br \/>\n<\/strong>Il tema della progettazione inclusiva, con il superamento progettuale delle &#8220;barriere architettoniche&#8221;, ha informato il mio pensiero a ricercare tutto ci\u00f2 che non esclude ma include per vincere, insieme agli ostacoli di natura fisica, anche gli ostacoli di natura psico-sociale che impediscono l\u2019affermazione della dignit\u00e0 della persona.\u00a0 Il superamento di queste barriere pu\u00f2 essere affrontato non senza l\u2019innesco di un contagio fatto di sensibilit\u00e0 e comunicazione tra chi conosce le soluzioni al disagio e chi lo sperimenta nella quotidianit\u00e0.<\/p>\n<p><strong>\u00a0<\/strong><strong>Cosa<br \/>\n<\/strong>Analisi di soluzioni spaziali, interpretazioni legislative, ausili\u00a0e componenti in relazione\u00a0al benessere della persona.<\/p>\n<p>&nbsp;<\/p>\n<p>&nbsp;<\/p>\n<p>&nbsp;<\/p>\n<p>&nbsp;<\/p>\n","protected":false},"excerpt":{"rendered":"<p>\u201cE\u2019 questo che si richiede all\u2019uomo, che giovi agli altri uomini; se \u00e8 possibile, a molti, se no, a pochi, se neanche questo pu\u00f2 avvenire, giovi a chi gli \u00e8 pi\u00f9 vicino, se non \u00e8 possibile, a se stesso. Perch\u00e9, quando si rende utile agli altri, svolge un servizio pubblico\u201d (Seneca) Progettoinclusivo.it nasce da un&#8217;idea [&hellip;]<\/p>\n","protected":false},"author":1,"featured_media":0,"parent":0,"menu_order":0,"comment_status":"closed","ping_status":"open","template":"","meta":{"footnotes":""},"class_list":["post-49","page","type-page","status-publish","hentry"],"yoast_head":"<!-- This site is optimized with the Yoast SEO plugin v23.4 - https:\/\/yoast.com\/wordpress\/plugins\/seo\/ -->\n<title>HomePage - progettoinclusivo.it<\/title>\n<meta name=\"description\" content=\"ProgettoInclusivo.it \u00e8 il primo portale di informazione su accessibilit\u00e0, barriere architettoniche e Universal Design.\" \/>\n<meta name=\"robots\" content=\"index, follow, max-snippet:-1, max-image-preview:large, max-video-preview:-1\" \/>\n<link rel=\"canonical\" href=\"https:\/\/www.progettoinclusivo.it\/progetto\/\" \/>\n<meta property=\"og:locale\" content=\"it_IT\" \/>\n<meta property=\"og:type\" content=\"article\" \/>\n<meta property=\"og:title\" content=\"HomePage - progettoinclusivo.it\" \/>\n<meta property=\"og:description\" content=\"ProgettoInclusivo.it \u00e8 il primo portale di informazione su accessibilit\u00e0, barriere architettoniche e Universal Design.\" \/>\n<meta property=\"og:url\" content=\"https:\/\/www.progettoinclusivo.it\/progetto\/\" \/>\n<meta property=\"og:site_name\" content=\"progettoinclusivo.it\" \/>\n<meta property=\"article:modified_time\" content=\"2024-09-14T15:39:31+00:00\" \/>\n<meta name=\"twitter:card\" content=\"summary_large_image\" \/>\n<meta name=\"twitter:label1\" content=\"Tempo di lettura stimato\" \/>\n\t<meta name=\"twitter:data1\" content=\"2 minuti\" \/>\n<script type=\"application\/ld+json\" class=\"yoast-schema-graph\">{\"@context\":\"https:\/\/schema.org\",\"@graph\":[{\"@type\":\"WebPage\",\"@id\":\"https:\/\/www.progettoinclusivo.it\/progetto\/\",\"url\":\"https:\/\/www.progettoinclusivo.it\/progetto\/\",\"name\":\"HomePage - progettoinclusivo.it\",\"isPartOf\":{\"@id\":\"https:\/\/www.progettoinclusivo.it\/progetto\/#website\"},\"datePublished\":\"2015-06-08T17:48:45+00:00\",\"dateModified\":\"2024-09-14T15:39:31+00:00\",\"description\":\"ProgettoInclusivo.it \u00e8 il primo portale di informazione su accessibilit\u00e0, barriere architettoniche e Universal Design.\",\"breadcrumb\":{\"@id\":\"https:\/\/www.progettoinclusivo.it\/progetto\/#breadcrumb\"},\"inLanguage\":\"it-IT\",\"potentialAction\":[{\"@type\":\"ReadAction\",\"target\":[\"https:\/\/www.progettoinclusivo.it\/progetto\/\"]}]},{\"@type\":\"BreadcrumbList\",\"@id\":\"https:\/\/www.progettoinclusivo.it\/progetto\/#breadcrumb\",\"itemListElement\":[{\"@type\":\"ListItem\",\"position\":1,\"name\":\"Home\",\"item\":\"https:\/\/www.progettoinclusivo.it\/progetto\/\"},{\"@type\":\"ListItem\",\"position\":2,\"name\":\"HomePage\"}]},{\"@type\":\"WebSite\",\"@id\":\"https:\/\/www.progettoinclusivo.it\/progetto\/#website\",\"url\":\"https:\/\/www.progettoinclusivo.it\/progetto\/\",\"name\":\"progettoinclusivo.it\",\"description\":\"Creato da Daniela Orlandi\",\"publisher\":{\"@id\":\"https:\/\/www.progettoinclusivo.it\/progetto\/#organization\"},\"potentialAction\":[{\"@type\":\"SearchAction\",\"target\":{\"@type\":\"EntryPoint\",\"urlTemplate\":\"https:\/\/www.progettoinclusivo.it\/progetto\/?s={search_term_string}\"},\"query-input\":{\"@type\":\"PropertyValueSpecification\",\"valueRequired\":true,\"valueName\":\"search_term_string\"}}],\"inLanguage\":\"it-IT\"},{\"@type\":\"Organization\",\"@id\":\"https:\/\/www.progettoinclusivo.it\/progetto\/#organization\",\"name\":\"progettoinclusivo.it\",\"url\":\"https:\/\/www.progettoinclusivo.it\/progetto\/\",\"logo\":{\"@type\":\"ImageObject\",\"inLanguage\":\"it-IT\",\"@id\":\"https:\/\/www.progettoinclusivo.it\/progetto\/#\/schema\/logo\/image\/\",\"url\":\"https:\/\/www.progettoinclusivo.it\/progetto\/wp-content\/uploads\/2024\/09\/LogoProgettoInclusivoDefinitivo.png\",\"contentUrl\":\"https:\/\/www.progettoinclusivo.it\/progetto\/wp-content\/uploads\/2024\/09\/LogoProgettoInclusivoDefinitivo.png\",\"width\":320,\"height\":320,\"caption\":\"progettoinclusivo.it\"},\"image\":{\"@id\":\"https:\/\/www.progettoinclusivo.it\/progetto\/#\/schema\/logo\/image\/\"}}]}<\/script>\n<!-- \/ Yoast SEO plugin. -->","yoast_head_json":{"title":"HomePage - progettoinclusivo.it","description":"ProgettoInclusivo.it \u00e8 il primo portale di informazione su accessibilit\u00e0, barriere architettoniche e Universal Design.","robots":{"index":"index","follow":"follow","max-snippet":"max-snippet:-1","max-image-preview":"max-image-preview:large","max-video-preview":"max-video-preview:-1"},"canonical":"https:\/\/www.progettoinclusivo.it\/progetto\/","og_locale":"it_IT","og_type":"article","og_title":"HomePage - progettoinclusivo.it","og_description":"ProgettoInclusivo.it \u00e8 il primo portale di informazione su accessibilit\u00e0, barriere architettoniche e Universal Design.","og_url":"https:\/\/www.progettoinclusivo.it\/progetto\/","og_site_name":"progettoinclusivo.it","article_modified_time":"2024-09-14T15:39:31+00:00","twitter_card":"summary_large_image","twitter_misc":{"Tempo di lettura stimato":"2 minuti"},"schema":{"@context":"https:\/\/schema.org","@graph":[{"@type":"WebPage","@id":"https:\/\/www.progettoinclusivo.it\/progetto\/","url":"https:\/\/www.progettoinclusivo.it\/progetto\/","name":"HomePage - progettoinclusivo.it","isPartOf":{"@id":"https:\/\/www.progettoinclusivo.it\/progetto\/#website"},"datePublished":"2015-06-08T17:48:45+00:00","dateModified":"2024-09-14T15:39:31+00:00","description":"ProgettoInclusivo.it \u00e8 il primo portale di informazione su accessibilit\u00e0, barriere architettoniche e Universal Design.","breadcrumb":{"@id":"https:\/\/www.progettoinclusivo.it\/progetto\/#breadcrumb"},"inLanguage":"it-IT","potentialAction":[{"@type":"ReadAction","target":["https:\/\/www.progettoinclusivo.it\/progetto\/"]}]},{"@type":"BreadcrumbList","@id":"https:\/\/www.progettoinclusivo.it\/progetto\/#breadcrumb","itemListElement":[{"@type":"ListItem","position":1,"name":"Home","item":"https:\/\/www.progettoinclusivo.it\/progetto\/"},{"@type":"ListItem","position":2,"name":"HomePage"}]},{"@type":"WebSite","@id":"https:\/\/www.progettoinclusivo.it\/progetto\/#website","url":"https:\/\/www.progettoinclusivo.it\/progetto\/","name":"progettoinclusivo.it","description":"Creato da Daniela Orlandi","publisher":{"@id":"https:\/\/www.progettoinclusivo.it\/progetto\/#organization"},"potentialAction":[{"@type":"SearchAction","target":{"@type":"EntryPoint","urlTemplate":"https:\/\/www.progettoinclusivo.it\/progetto\/?s={search_term_string}"},"query-input":{"@type":"PropertyValueSpecification","valueRequired":true,"valueName":"search_term_string"}}],"inLanguage":"it-IT"},{"@type":"Organization","@id":"https:\/\/www.progettoinclusivo.it\/progetto\/#organization","name":"progettoinclusivo.it","url":"https:\/\/www.progettoinclusivo.it\/progetto\/","logo":{"@type":"ImageObject","inLanguage":"it-IT","@id":"https:\/\/www.progettoinclusivo.it\/progetto\/#\/schema\/logo\/image\/","url":"https:\/\/www.progettoinclusivo.it\/progetto\/wp-content\/uploads\/2024\/09\/LogoProgettoInclusivoDefinitivo.png","contentUrl":"https:\/\/www.progettoinclusivo.it\/progetto\/wp-content\/uploads\/2024\/09\/LogoProgettoInclusivoDefinitivo.png","width":320,"height":320,"caption":"progettoinclusivo.it"},"image":{"@id":"https:\/\/www.progettoinclusivo.it\/progetto\/#\/schema\/logo\/image\/"}}]}},"_links":{"self":[{"href":"https:\/\/www.progettoinclusivo.it\/progetto\/wp-json\/wp\/v2\/pages\/49","targetHints":{"allow":["GET"]}}],"collection":[{"href":"https:\/\/www.progettoinclusivo.it\/progetto\/wp-json\/wp\/v2\/pages"}],"about":[{"href":"https:\/\/www.progettoinclusivo.it\/progetto\/wp-json\/wp\/v2\/types\/page"}],"author":[{"embeddable":true,"href":"https:\/\/www.progettoinclusivo.it\/progetto\/wp-json\/wp\/v2\/users\/1"}],"replies":[{"embeddable":true,"href":"https:\/\/www.progettoinclusivo.it\/progetto\/wp-json\/wp\/v2\/comments?post=49"}],"version-history":[{"count":12,"href":"https:\/\/www.progettoinclusivo.it\/progetto\/wp-json\/wp\/v2\/pages\/49\/revisions"}],"predecessor-version":[{"id":1558,"href":"https:\/\/www.progettoinclusivo.it\/progetto\/wp-json\/wp\/v2\/pages\/49\/revisions\/1558"}],"wp:attachment":[{"href":"https:\/\/www.progettoinclusivo.it\/progetto\/wp-json\/wp\/v2\/media?parent=49"}],"curies":[{"name":"wp","href":"https:\/\/api.w.org\/{rel}","templated":true}]}}

<p><strong><em>“E’ questo che si richiede all’uomo, che giovi agli altri uomini; se è possibile, a molti, se no, a pochi, se neanche questo può avvenire, giovi a chi gli è più vicino, se non è possibile, a se stesso. Perché, quando si rende utile agli altri, svolge un servizio pubblico” </em></strong>(Seneca)</p>
<p>Progettoinclusivo.it nasce da un&#8217;idea dell&#8217;architetto Daniela Orlandi con l’intento di offrire soluzioni e consigli prendendo spunto dalla Progettazione Universale per agevolare le persone nell’appropriazione dei loro spazi fisici e temporali.<br />
Ogni persona è un progetto di vita in evoluzione ed ha il dovere di ricercare le condizioni di uno sviluppo attento ai propri bisogni, a quelli degli altri e dell’ambiente.<br />
L&#8217;accessibilità degli spazi e servizi è un prerequisito per condurre una vita di relazione e accedere al pieno godimento dei diritti civili e alla possibilità di espressione della personalità, affermando il primato della dignità della vita umana e della responsabilità sociale, nel rispetto per le differenze e per l’integrità intellettuale di culture diverse.<br />
Progettoinclusivo.it intende facilitare il percorso esistenziale della persona nella consapevolezza che ciascuno può contribuire a migliorare la società, avendo a disposizione le condizioni ambientali, tecnologiche e sociali più adatte.</p>
<p><strong>Come<br />
</strong>Il tema della progettazione inclusiva, con il superamento progettuale delle &#8220;barriere architettoniche&#8221;, ha informato il mio pensiero a ricercare tutto ciò che non esclude ma include per vincere, insieme agli ostacoli di natura fisica, anche gli ostacoli di natura psico-sociale che impediscono l’affermazione della dignità della persona.  Il superamento di queste barriere può essere affrontato non senza l’innesco di un contagio fatto di sensibilità e comunicazione tra chi conosce le soluzioni al disagio e chi lo sperimenta nella quotidianità.</p>
<p><strong> </strong><strong>Cosa<br />
</strong>Analisi di soluzioni spaziali, interpretazioni legislative, ausili e componenti in relazione al benessere della persona.</p>
<p>&nbsp;</p>
<p>&nbsp;</p>
<p>&nbsp;</p>
<p>&nbsp;</p>

<p>“E’ questo che si richiede all’uomo, che giovi agli altri uomini; se è possibile, a molti, se no, a pochi, se neanche questo può avvenire, giovi a chi gli è più vicino, se non è possibile, a se stesso. Perché, quando si rende utile agli altri, svolge un servizio pubblico” (Seneca) Progettoinclusivo.it nasce da un&#8217;idea [&hellip;]</p>

<!-- This site is optimized with the Yoast SEO plugin v23.4 - https://yoast.com/wordpress/plugins/seo/ -->
<title>HomePage - progettoinclusivo.it</title>
<meta name="description" content="ProgettoInclusivo.it è il primo portale di informazione su accessibilità, barriere architettoniche e Universal Design." />
<meta name="robots" content="index, follow, max-snippet:-1, max-image-preview:large, max-video-preview:-1" />
<link rel="canonical" href="https://www.progettoinclusivo.it/progetto/" />
<meta property="og:locale" content="it_IT" />
<meta property="og:type" content="article" />
<meta property="og:title" content="HomePage - progettoinclusivo.it" />
<meta property="og:description" content="ProgettoInclusivo.it è il primo portale di informazione su accessibilità, barriere architettoniche e Universal Design." />
<meta property="og:url" content="https://www.progettoinclusivo.it/progetto/" />
<meta property="og:site_name" content="progettoinclusivo.it" />
<meta property="article:modified_time" content="2024-09-14T15:39:31+00:00" />
<meta name="twitter:card" content="summary_large_image" />
<meta name="twitter:label1" content="Tempo di lettura stimato" />
	<meta name="twitter:data1" content="2 minuti" />
<script type="application/ld+json" class="yoast-schema-graph">{"@context":"https://schema.org","@graph":[{"@type":"WebPage","@id":"https://www.progettoinclusivo.it/progetto/","url":"https://www.progettoinclusivo.it/progetto/","name":"HomePage - progettoinclusivo.it","isPartOf":{"@id":"https://www.progettoinclusivo.it/progetto/#website"},"datePublished":"2015-06-08T17:48:45+00:00","dateModified":"2024-09-14T15:39:31+00:00","description":"ProgettoInclusivo.it è il primo portale di informazione su accessibilità, barriere architettoniche e Universal Design.","breadcrumb":{"@id":"https://www.progettoinclusivo.it/progetto/#breadcrumb"},"inLanguage":"it-IT","potentialAction":[{"@type":"ReadAction","target":["https://www.progettoinclusivo.it/progetto/"]}]},{"@type":"BreadcrumbList","@id":"https://www.progettoinclusivo.it/progetto/#breadcrumb","itemListElement":[{"@type":"ListItem","position":1,"name":"Home","item":"https://www.progettoinclusivo.it/progetto/"},{"@type":"ListItem","position":2,"name":"HomePage"}]},{"@type":"WebSite","@id":"https://www.progettoinclusivo.it/progetto/#website","url":"https://www.progettoinclusivo.it/progetto/","name":"progettoinclusivo.it","description":"Creato da Daniela Orlandi","publisher":{"@id":"https://www.progettoinclusivo.it/progetto/#organization"},"potentialAction":[{"@type":"SearchAction","target":{"@type":"EntryPoint","urlTemplate":"https://www.progettoinclusivo.it/progetto/?s={search_term_string}"},"query-input":{"@type":"PropertyValueSpecification","valueRequired":true,"valueName":"search_term_string"}}],"inLanguage":"it-IT"},{"@type":"Organization","@id":"https://www.progettoinclusivo.it/progetto/#organization","name":"progettoinclusivo.it","url":"https://www.progettoinclusivo.it/progetto/","logo":{"@type":"ImageObject","inLanguage":"it-IT","@id":"https://www.progettoinclusivo.it/progetto/#/schema/logo/image/","url":"https://www.progettoinclusivo.it/progetto/wp-content/uploads/2024/09/LogoProgettoInclusivoDefinitivo.png","contentUrl":"https://www.progettoinclusivo.it/progetto/wp-content/uploads/2024/09/LogoProgettoInclusivoDefinitivo.png","width":320,"height":320,"caption":"progettoinclusivo.it"},"image":{"@id":"https://www.progettoinclusivo.it/progetto/#/schema/logo/image/"}}]}</script>
<!-- / Yoast SEO plugin. -->

ProgettoInclusivo.it è il primo portale di informazione su accessibilità, barriere architettoniche e Universal Design.
